{"id":38,"date":"2019-09-03T18:04:29","date_gmt":"2019-09-03T16:04:29","guid":{"rendered":"https:\/\/madridistasdonenrique.wordpress.com\/?page_id=38"},"modified":"2023-12-11T12:19:55","modified_gmt":"2023-12-11T11:19:55","slug":"solicitud_de_entradas","status":"publish","type":"page","link":"http:\/\/www.madridistasdonenrique.es\/?page_id=38","title":{"rendered":"VIAJA CON NOSOTROS"},"content":{"rendered":"\n<div class=\"wp-block-columns is-layout-flex wp-container-core-columns-is-layout-1 wp-block-columns-is-layout-flex\">\n<div class=\"wp-block-column is-layout-flow wp-block-column-is-layout-flow\" style=\"flex-basis:100%\">\n<p class=\"has-text-align-center\"><\/p><p class=\"has-text-align-center\" style=\"font-size: x-large;\"><strong>PR\u00d3XIMOS VIAJES<\/strong><\/p><p><\/p>\n<\/div>\n<\/div>\n\n\n\nEn estos momentos no tenemos ning\u00fan viaje programado.\n\n<!--<div class=\"rowSL\">-->\n\n<!--<div class=\"column1SL\" style=\"text-align: center;\">-->\n<!--<strong><span><a href=\"https:\/\/www.madridistasdonenrique.es\/?page_id=643\">REAL MADRID VS M. CITY<\/a><\/span><\/strong>-->\n<!--<div align=\"center\"><a href=\"https:\/\/www.madridistasdonenrique.es\/?page_id=643\"><img decoding=\"async\" src=\"https:\/\/www.madridistasdonenrique.es\/wp-content\/uploads\/2022\/01\/entrada.png\" style=\"height: 50px;\"><\/a><\/div>-->\n   <!--<div class=\"primero\" style=\"line-height:1.2em;\">-->\n<!--<p><br><strong>ENTRADA<\/strong><br>Fecha l\u00edmite, 3 de mayo.<\/p><p><\/p>-->\n   <!--<\/div>-->\n<!--<\/div>-->\n\n<!--<div class=\"column2SL\" style=\"text-align: center;\">-->\n<!--<strong><span><a href=\"https:\/\/www.madridistasdonenrique.es\/?page_id=1213\">REAL MADRID VS NAPOLI<\/a><\/span><\/strong><div align=\"center\"><a href=\"https:\/\/www.madridistasdonenrique.es\/?page_id=1213\"><img decoding=\"async\" src=\"https:\/\/www.madridistasdonenrique.es\/wp-content\/uploads\/2022\/01\/entradabus.png\" style=\"height: 50px;\"><\/a><\/div>-->\n   <!--<div class=\"primero\" style=\"line-height:1.2em;\">-->\n   <!--<p><br><strong>VIAJE+ENTRADA<\/strong><br>Fecha l\u00edmite, 13 de noviembre.<br><\/p>-->\n   <!--<\/div>-->\n<!--<\/div>-->\n\n<!--<div class=\"column3SL\">-->\n<!--<strong><span><a href=\"https:\/\/www.madridistasdonenrique.es\/?page_id=643\">REAL MADRID VS PSG<\/a><\/span><\/strong>-->\n   <!--<div>-->\n     <!--<img decoding=\"async\" src=\"https:\/\/www.madridistasdonenrique.es\/wp-content\/uploads\/2022\/01\/bus.png\">-->\n   <!--<div class=\"primero\" style=\"line-height:1.2em;\">-->\n<!--<p><br><strong>VIAJE Y ENTRADA<\/strong><br>Fecha l\u00edmite, 20 de febrero<br>Disponible para socios de la pe\u00f1a.<\/p>-->\n   <!--<\/div>-->\n   <!--<\/div>-->\n<!--<\/div>-->\n\n<!--<div class=\"column4SL\">-->\n<!--<strong><span><a href=\"https:\/\/www.madridistasdonenrique.es\/?page_id=643\">REAL MADRID VS PSG<\/a><\/span><\/strong>-->\n   <!--<div>-->\n     <!--<img decoding=\"async\" src=\"https:\/\/www.madridistasdonenrique.es\/wp-content\/uploads\/2022\/01\/bus.png\">-->\n   <!--<div class=\"primero\" style=\"line-height:1.2em;\">-->\n<!--<p><br><strong>VIAJE Y ENTRADA<\/strong><br>Fecha l\u00edmite, 20 de febrero<br>Disponible para socios de la pe\u00f1a.<\/p>-->\n  <!--<\/div>-->\n<!--<\/div>-->\n<!--<\/div>-->\n\n\n\n<hr class=\"wp-block-separator has-css-opacity is-style-wide\"\/>\n\n\n\n<p><\/p>\n\n\n\n<p class=\"has-text-align-center\">Si quieres ver cualquier partido del Real Madrid en el estadio Santiago Bernab\u00e9u tienes la posibilidad de solicitar tu entrada hasta 15 d\u00edas antes del partido. Cons\u00faltanos en madridistasdonenrique@gmail.com.<\/p>\n","protected":false},"excerpt":{"rendered":"<p>PR\u00d3XIMOS VIAJES En estos momentos no tenemos ning\u00fan viaje programado. Si quieres ver cualquier partido del Real Madrid en el estadio Santiago Bernab\u00e9u tienes la posibilidad de solicitar tu entrada hasta 15 d\u00edas antes del partido. Cons\u00faltanos en madridistasdonenrique@gmail.com.<\/p>\n","protected":false},"author":1,"featured_media":0,"parent":0,"menu_order":0,"comment_status":"closed","ping_status":"closed","template":"","meta":{"_kad_post_transparent":"","_kad_post_title":"","_kad_post_layout":"","_kad_post_sidebar_id":"","_kad_post_content_style":"","_kad_post_vertical_padding":"","_kad_post_feature":"","_kad_post_feature_position":"","_kad_post_header":false,"_kad_post_footer":false,"footnotes":""},"class_list":["post-38","page","type-page","status-publish","hentry"],"_links":{"self":[{"href":"http:\/\/www.madridistasdonenrique.es\/index.php?rest_route=\/wp\/v2\/pages\/38","targetHints":{"allow":["GET"]}}],"collection":[{"href":"http:\/\/www.madridistasdonenrique.es\/index.php?rest_route=\/wp\/v2\/pages"}],"about":[{"href":"http:\/\/www.madridistasdonenrique.es\/index.php?rest_route=\/wp\/v2\/types\/page"}],"author":[{"embeddable":true,"href":"http:\/\/www.madridistasdonenrique.es\/index.php?rest_route=\/wp\/v2\/users\/1"}],"replies":[{"embeddable":true,"href":"http:\/\/www.madridistasdonenrique.es\/index.php?rest_route=%2Fwp%2Fv2%2Fcomments&post=38"}],"version-history":[{"count":124,"href":"http:\/\/www.madridistasdonenrique.es\/index.php?rest_route=\/wp\/v2\/pages\/38\/revisions"}],"predecessor-version":[{"id":1323,"href":"http:\/\/www.madridistasdonenrique.es\/index.php?rest_route=\/wp\/v2\/pages\/38\/revisions\/1323"}],"wp:attachment":[{"href":"http:\/\/www.madridistasdonenrique.es\/index.php?rest_route=%2Fwp%2Fv2%2Fmedia&parent=38"}],"curies":[{"name":"wp","href":"https:\/\/api.w.org\/{rel}","templated":true}]}}